l + y = -187. Let x(g) = g**3 + 3*g**2 - 11*g + 3. Let j be x(-4). What is the greatest common divisor of l and j?
31
Suppose -72 = -4*u + 44. Suppose 0 = -47*i + 48*i - 7. Suppose 990 = u*y - i*y. What is the highest common divisor of 18 and y?
9
Suppose 40 = 5*n + 50. Let i be (-15)/3 - (n + -95). Calculate the greatest common factor of i and 23.
23
Let p be (6255/18)/((-123)/(-82) + (-37)/25). What is the greatest common divisor of p and 139?
139
Let f be 561/663 - (-2)/13. Let h be (-1 - (-2)/1)*(6 - f). Suppose 3*x - 17 = -4*b + 40, -4*x - 4 = 0. Calculate the highest common divisor of h and b.
5
Let g = 43 - 18. Let x be (-1 - (-6)/5)/((-18)/(-90)). Let w be (1 - 6)/(3*x/(-3)). What is the highest common factor of g and w?
5
Let w = -37890 - -39146. What is the highest common factor of 112 and w?
8
Suppose 58 + 278 = 6*h. Suppose -r - 18 = -3*r - 2*s, 0 = -3*r - 2*s + 32. What is the greatest common factor of r and h?
14
Suppose 0 = -5*l + 3*p - 62, -3*l - 3*p - 18 = -0*p. Let m = l + 18. Calculate the highest common divisor of 128 and m.
8
Suppose 43*i + 16*i - 2805 - 3095 = 0. What is the highest common divisor of i and 8280?
20
Suppose -2*u + 1279 = -32 - 83. What is the greatest common factor of 34 and u?
17
Suppose 0 = 2*h - 3*q + q - 296, -2*h = 2*q - 280. Let f = -39 + h. Let o = 182 - f. Calculate the highest common factor of o and 11.
11
Suppose -3*h - 1545 = -d, 2*d = d + h + 1551. Calculate the highest common divisor of 42 and d.
42
Let u(l) = 7*l + 13. Let v be u(-1). Suppose 11*a = v*a + 80. Calculate the greatest common divisor of 16 and a.
16
Let g(j) = -j**3 + 69*j**2 - 4*j + 380. Let d be g(69). What is the highest common factor of 320 and d?
8
Suppose 4*c = -0*c + 12. Suppose -2*z + c = -5*p, 2*z + 3*p - 5 - 6 = 0. What is the greatest common factor of 52 and z?
4
Let n(w) = 7*w**2 - 2*w - 1. Let t be 2*((3 - (-2)/(-4)) + -2). Let c be n(t). What is the greatest common divisor of c and 1?
1
Let t be (-3)/((-7)/(1568/12)). Let o(h) = 12*h**3 + h + 6. Let m be o(-2). Let w = m + 120. Calculate the greatest common divisor of t and w.
28
Let t be 28278/30 + 8/20. Calculate the greatest common divisor of 23 and t.
23
Let r(f) = -2*f - 2. Let a = 40 + -42. Let d be r(a). Suppose 4*q - 135 = -q - d*m, -m - 92 = -3*q. What is the greatest common factor of 116 and q?
29
Let g(l) = 4*l**2 + 16*l - 1275. Let r be g(-20). What is the greatest common divisor of r and 2325?
5
Suppose -3*p - b + 763 = 0, -728 = -3*p - 14*b + 18*b. Calculate the highest common factor of p and 72.
36
Let u be (10/(-6) - -2)*129. Suppose 2*x = 4*a + 164, 10 - 16 = -3*a. Calculate the highest common factor of u and x.
43
Suppose 0 = 6*t + 12 + 6. Suppose -5*x + 0*a + 209 = -a, -2*x + 5*a = -79. Let z be (-3)/(-6)*x - t. What is the highest common factor of z and 108?
12
Let l(f) = f**2 + 16*f + 46. Suppose 20*z - 78 = 26*z. Let o be l(z). What is the highest common factor of 35 and o?
7
Suppose -2*u + 632*y - 635*y = -2859, 2*y + 4334 = 3*u. What is the highest common divisor of u and 900?
180
Suppose -7*g - 5*p + 225 = 0, -5*g + 3*p = -172 - 15. What is the highest common divisor of g and 112?
7
Let m(q) = 226*q + 183. Let t be m(5). What is the greatest common factor of 52 and t?
13
Suppose 2*f - 14 = 0, 5*f = 5*g - 10*g + 14480. Calculate the greatest common factor of 243 and g.
27
Let l = -454 - -638. Suppose -2*v + 106 = 5*j, 4*v - 5*j - l = -j. What is the highest common divisor of 448 and v?
16
Suppose 9*w + 9*w = 6*w + 3528. Calculate the highest common divisor of 1218 and w.
42
Let m = -16 + 28. Let v be (-81)/((-18)/4 - -3). Suppose -9*j - v = -m*j. What is the greatest common factor of 90 and j?
18
Let d = -614 + 684. Let c = d + -61. Suppose -4*p = -5*b + 49, 3*b + p = 2*b + 8. What is the highest common factor of c and b?
9
Let n be 27 + 6*(-20)/(-24). Suppose -2*r = n*r - 4998. Calculate the highest common factor of r and 21.
21
Let i(b) = -8*b**2 + 25*b - 3. Let j be i(3). Let z be (-2)/(j - 1)*(6 - -2). What is the highest common divisor of z and 128?
16
Let k = 1239 + 341. Calculate the greatest common factor of 60 and k.
20
Suppose -5*f + 5*m = -90, -m - 2*m = -f + 28. Suppose -17*j + 396 = -f*j. Let b be (-592)/(-9) + (-2)/(-9). Calculate the highest common factor of b and j.
33
Let s(q) = q**3 + 6*q**2 - 2*q + 7. Let y be s(-6). Let b(m) = -9*m - 89. Let f be b(-9). Let l = y + f. What is the greatest common divisor of 187 and l?
11
Suppose 19*b = 1306 + 1354. What is the greatest common divisor of 9380 and b?
140
Let y = 1086616 + -1086014. Let f be (-4)/(-14) + 96/7. What is the greatest common divisor of y and f?
14
Let p be (440/(-120))/((-1)/(-6)*-1). Suppose g - p = -5*j, -20 = g - 3*g - 4*j. Let y be (-11 - g)*(-34)/17. Calculate the highest common factor of 13 and y.
13
Suppose 0 = -l + 5*u - 70, l + 3*u + 54 = -0*l. Let q = l + 132. Let p = 25 - 17. What is the highest common factor of p and q?
8
Let g(w) = 58*w**2 - 193*w + 820. Let r be g(4). Calculate the highest common factor of 2318 and r.
122
Suppose 623 - 241 = 5*k - 2*z, 195 = 3*k - 5*z. Let g = -44 - -31. Let x = 45 + g. Calculate the highest common divisor of k and x.
16
Let r = -626 + 184. Let h = r - -578. What is the highest common factor of 51 and h?
17
Suppose -r + u + 3 = 0, 2*u + 5 + 7 = 5*r. Suppose 2*l + r*l = 20. Suppose -15 = 3*v, 0 = 3*x - 2*v + 1 - 14. What is the highest common divisor of x and l?
1
Suppose 0 = -2*r - 5*s - 48, -5 + 31 = -3*r + 4*s. Let w = r - -70. Suppose 3*l - w = -l. What is the greatest common divisor of 7 and l?
7
Let s(b) = 7*b - 60. Suppose 209 = 33*x - 14*x. Let k be s(x). What is the greatest common factor of k and 51?
17
Let k = 6208 - 6188. What is the greatest common factor of 1610 and k?
10
Let x = -25873 - -26006. Calculate the highest common divisor of x and 779.
19
Let f(t) = -91*t + 294. Let s be f(0). Calculate the highest common divisor of 182 and s.
14
Let t(b) = b**2 + 12*b + 4. Let u be t(-12). Let n be u/(-10) + (-1236)/60. Let h = -5 - n. What is the greatest common factor of h and 4?
4
Suppose -6*h = -1955 + 95. Suppose -27*t = -32*t + h. What is the highest common factor of t and 248?
62
Let c(j) = 11*j - 8. Let k be c(1). Let g(v) = 4*v**2 - 5*v + 28. Let a be g(k). Suppose 0 = 56*n - a*n - 119. Calculate the highest common factor of n and 136.
17
Let l(r) = 14*r + 235. Let o be l(-18). Let g be (11 - o)/(5 + -3). What is the greatest common divisor of 14 and g?
14
Suppose 3*g = -i + 2585, 4*g - i + 0*i - 3449 = 0. What is the greatest common divisor of 10 and g?
2
Let h be ((-576)/(-56))/(2/7). What is the highest common divisor of 5592 and h?
12
Suppose 5*w + 532 = v + 2539, 4*w - 4*v = 1596. Suppose -5*h + 2*t = -501, 0*h + 4*h = 2*t + w. What is the highest common divisor of 22 and h?
11
Suppose 393*f - 398*f - 4561 = -2*q, -5*q = 5*f - 11385. Calculate the greatest common divisor of q and 34.
34
Suppose -6*a + 6296 = -2104. Suppose -42*r - a = -47*r. What is the highest common divisor of 40 and r?
40
Let p(u) = 3*u + 3. Let w be p(3). Let n be -1 + (-2785)/30 - 1/6. Let j = n + 124. Calculate the greatest common factor of j and w.
6
Let y(u) = 4*u + 2. Let t be y(2). Let v = 568 - -228. Suppose 10*s - v = 504. Calculate the highest common divisor of t and s.
10
Let n(c) = -c**3 - 14*c**2 - 59*c - 68. Let m be n(-5). Calculate the greatest common factor of m and 480.
2
Suppose 2*z = 8, -z - 4*z + 482 = 3*q. Let k = 1811 + -1789. Calculate the highest common divisor of q and k.
22
Suppose -35 = 3*a - 143. Suppose -13*z + 2451 = 6*z. Let w = 165 - z. What is the highest common divisor of w and a?
36
Let p = 7311 + -5247. Calculate the greatest common divisor of 8 and p.
8
Let t(u) = -107*u - 2870. Let c be t(-35). Calculate the highest common factor of c and 1855.
35
Let t = 5599 + -5584. What is the greatest common divisor of 45 and t?
15
Let m = -2184 - -7070. What is the highest common factor of 42 and m?
14
Let g be (-8 + 2876/24)*6. Let h = -666 + g. Calculate the greatest common factor of 10 and h.
5
Let t(d) = -10*d**3 - 5*d**2 - 2*d + 1. Let g be t(-2). Suppose 0 = k - 5*o - g, 7*k = 10*k + 5*o - 135. What is the greatest common divisor of k and 30?
10
Let s = 100 - -35. Suppose f = -2*f + s. W